s divided by b.
2
Calculate the remainder when 89 is divided by 6/(-9)*(-65 - (3 - -1)).
43
Suppose -2*k - 170 = -0*k. Let d = -671 + k. Calculate the remainder when (-1)/(d/188 + 4) is divided by 16.
15
Suppose -5*d + 34 = -0*s + 4*s, d = -5*s + 11. Let v = d + -4. Suppose v*c = c + 1. Calculate the remainder when 2 is divided by c.
0
Let o(v) = 3*v + 93. What is the remainder when 76 is divided by o(-24)?
13
Suppose 8 = -4*h - 0*h. Let l be 7*18*h/(-7). Let y = -21 + l. What is the remainder when 27 is divided by y?
12
Suppose 3 = 3*a, 3*m - 3*a - 164 = 58. What is the remainder when m is divided by 3?
0
Suppose 0 = -86*s + 69*s + 5916. Calculate the remainder when s is divided by 67.
13
Let i(n) = -n**2 + 8*n - 12. Let f be i(8). Let a = 6 - f. Let g = 78 + -71. What is the remainder when a is divided by g?
4
Let i(v) = -v**3 - 11*v**2 - 4*v + 1. Let r be -1 - (-8 + 6 + -4). Suppose r = o - 7. Calculate the remainder when i(-11) is divided by o.
9
Let o(b) = 7*b - 5. Let y be o(7). What is the remainder when (-2)/(-11) + 2940/y is divided by 14 + 6 + -1 + -2?
16
Let t = 222 - 114. What is the remainder when t is divided by 40?
28
Let b be ((-36)/8)/(2/(-12)). Let s = b + -15. What is the remainder when 19 is divided by s?
7
Let r(j) = 3*j**2 - 7*j - 133. Calculate the remainder when r(-12) is divided by 16.
15
Let y(n) = n**2 - n + 5. Let m = -55 - -59. What is the remainder when 66 is divided by y(m)?
15
Suppose 0*r = -r + 5*x - 15, 4*r = -x - 165. What is the remainder when 95 is divided by (-2 + r/1)*7/(-21)?
11
Suppose -n = 4*g + 9, -4*n + 31 + 17 = -5*g. Suppose 0 = 5*m - 4*d + 32, 4*m = 2*d + d - 25. Calculate the remainder when m/10 + 67/5 is divided by n.
6
Let g(w) = -84 + w - 86 + 172 + w**2. Calculate the remainder when (-1)/(-1) + 5 - 0 is divided by g(-2).
2
Let i be ((-315)/49 - -6) + 808/7. Suppose -65 = -9*o + i. What is the remainder when 54 is divided by o?
14
Suppose -2*a - 132 = 3*t, a + 136 = -a - t. Let b = a + 111. What is the remainder when b is divided by 11?
9
Let o(q) = 2*q + 67. Calculate the remainder when 328 is divided by o(-15).
32
Suppose -15*v + 7154 = 884. Calculate the remainder when v is divided by 28.
26
Suppose 5*f - 24 = -g, 0 = 5*g - f + 6*f - 80. What is the remainder when 35 is divided by g?
7
Calculate the remainder when 6/8 - (5 + 234/(-8)) is divided by 12.
1
Let p be (-2)/16 - (-264)/64. Suppose 2*l - p = l. What is the remainder when 6 is divided by l?
2
Suppose 2*r = 8 - 6. Let g = r + 22. What is the remainder when g is divided by 7?
2
Suppose -4*y + 37 = -55. Let x = 146 - -16. Let g = -153 + x. Calculate the remainder when y is divided by g.
5
Suppose 10*v + 26 = 8*v. Let p(w) = -2*w - 10. Calculate the remainder when p(v) is divided by 6.
4
Let z be (0 - 0)/(-2 + -2). Suppose -3*y + z*y = -9. Suppose -3*k + y*w + 54 = -w, 5*w - 90 = -5*k. Calculate the remainder when 69 is divided by k.
15
Let t = 704 + -466. Suppose -2*m - 2*m + 4*r = -320, -4*r = -3*m + t. Calculate the remainder when m is divided by 14.
12
Let r(m) = -m**2 + 7*m - 3. Let z be r(6). Suppose j = 0, -3*a - 7*j = -z*j - 6. Suppose -2*f + 9*f = 21. Calculate the remainder when f is divided by a.
1
Suppose 0 = -i - 2, -5*m + 5*i = -m - 14. Let k = 22 + m. What is the remainder when 68 is divided by k?
22
Let s = -299 + 371. Calculate the remainder when 142 is divided by s.
70
Suppose 2*q = -3 + 13. Let z(a) = 9*a. Calculate the remainder when z(q) is divided by 16*-1*3/(-4).
9
Let g(c) = 3*c. Let u be g(-1). Let o = 19 - u. Suppose 82 = 2*d + 2*b, -5*b + o = 2. Calculate the remainder when d is divided by 20.
17
Calculate the remainder when 37 is divided by (-6)/(-4)*-4 + 17.
4
Let u(p) = -2*p**3 + p**2. Let q be u(-1). Let m be -26*(q - (-21)/(-6)). Let h = m - 6. What is the remainder when 32 is divided by h?
4
Let d(f) = 9*f - 251. Calculate the remainder when 181 is divided by d(33).
43
Let y(u) = u**3 + 2*u**2 - 2*u - 1. Suppose -5*x + 10 + 0 = 0. Let c be y(x). Let h(o) = 5*o - 4. What is the remainder when h(c) is divided by 27?
24
Let f(w) be the second derivative of -w**3/3 + 5*w**2 - w. Suppose 7*x - 376 - 79 = 0. What is the remainder when x is divided by f(-12)?
31
Let y be 20/5*1 + 11. Suppose y*r = 10*r + 185. Calculate the remainder when r is divided by 20.
17
Let t(q) = 5*q**2 - q - 1. Let h be t(-1). Suppose 12 = 3*j - 5*c - 14, 0 = -h*c - 20. What is the remainder when 6 is divided by j?
0
Suppose -2*l + 4 = 3*d - 42, 3*l = 5*d - 64. Let v(w) = 2*w**2 - 3*w + 6. What is the remainder when v(5) is divided by d?
13
Calculate the remainder when (-25)/225 - (-4402)/9 is divided by 45.
39
Let c = 18 + 1. Let i = -24 - -24. Suppose 0*w + 2*w - 22 = i. Calculate the remainder when c is divided by w.
8
Suppose 2*s - h - 218 = 0, -6*s - 2*h - 216 = -8*s. Calculate the remainder when s is divided by 28.
26
Suppose -5*w + 452 = 2*m, 4*m - 100 + 484 = 4*w. What is the remainder when w is divided by 31?
30
What is the remainder when 257 is divided by (-744)/(-144) - 10/(-12)?
5
What is the remainder when (-8400)/540*((-18)/4 + 0) is divided by 29?
12
Let i(g) = g**3 + 1 + 21*g + 2*g**3 - g**2 - 19*g. Suppose -5*z = 5*r - 55, 0 = 2*r - 5*r + 3*z + 9. What is the remainder when i(2) is divided by r?
4
Let g be 6 - (-2 + 2)/(-5). Let s = -9 + 12. Suppose -s*d = g, -3*t - 4*d - 38 = -8*t. Calculate the remainder when 22 is divided by t.
4
Let q = -388 + 905. Calculate the remainder when q is divided by 18.
13
Suppose -2*c + 3*c = 3*h + 150, -8 = -2*h. Suppose 0*k - 2*k = 0. Suppose k*w = -3*w + c. Calculate the remainder when w is divided by 14.
12
Calculate the remainder when (4 - (-5)/30*-21)*92 is divided by 12.
10
Suppose -4058*m + 1749 = -4047*m. What is the remainder when m is divided by 53?
0
Let i(u) = 4*u**2 + u - 6. What is the remainder when 167 is divided by i(-4)?
5
Let t(j) = -j**2 - 8*j - 2. Let i be t(-8). What is the remainder when (3 - (-87)/(-6))*i is divided by -16*(-3)/(3 + 3)?
7
Let r(w) = -10*w - 261. Calculate the remainder when 232 is divided by r(-32).
55
Suppose 2*y - 3*y = -3. Suppose -15 = -y*w + 96. Suppose q - b = 23, -33 = -3*q - 5*b + 12. What is the remainder when w is divided by q?
17
Let o(a) = 43*a**2 + 4*a - 6. Suppose -z + 0*y = -4*y + 6, 2 = -z + 2*y. Calculate the remainder when o(z) is divided by 35.
34
Let r = -23 - -5. Let o = -10 - r. What is the remainder when 53 is divided by (o - 3)*84/15?
25
Let f = 767 + -478. What is the remainder when f is divided by 42?
37
Let t be (-18)/36 - (-1)/(-2)*1. Calculate the remainder when 128 is divided by 201/9 + t/3.
18
Suppose 56*h = 15*h + 7462. Let o = 69 + -46. Calculate the remainder when h is divided by o.
21
Let a be (45/20 + -2)/((-2)/(-8)). Let f(b) = 68*b + 2. What is the remainder when f(a) is divided by 9?
7
Let s = -75 + 105. Let t be 11/(132/(-8)) - 17/(-3). Let q(w) = -w**3 + 7*w**2 - 9*w + 3. Calculate the remainder when s is divided by q(t).
6
Let n(m) = 22*m - 53. Let l(z) = -5*z + 13. Let h(t) = 9*l(t) + 2*n(t). Let c(i) = -4*i + 3. Let p be c(3). What is the remainder when 38 is divided by h(p)?
18
Let u(g) = 10*g - 529. What is the remainder when u(64) is divided by 60?
51
Let v(t) = 12*t**2 - 15*t - 2. Calculate the remainder when 191 is divided by v(3).
8
Let o = 6 - -6. Calculate the remainder when ((-6)/(-90)*123 - 8) + 114/5 is divided by o.
11
Let z be (-2 - -4) + (1 - 1)/(-2). Let y = 5 - 13. Let h = z - y. What is the remainder when 37 is divided by h?
7
What is the remainder when 259 is divided by 716/537 + (-532)/(-6)?
79
Suppose -2*h + 1242 = 7*y, 3*h = 5*h - 10. What is the remainder when y is divided by 21?
8
Let r(j) = -7*j - 4. Suppose -15*b + 90 = -0*b. What is the remainder when r(-3) is divided by b?
5
Suppose 2*x = 0, 4*x = 4*d + 5*x - 28. Calculate the remainder when 43/(5/d + 20/70) is divided by 12.
7
Suppose 24 = l + 2*z - 3*z, 92 = 4*l - 3*z. Let b(q) = -q - 8. Let w be b(-4). Calculate the remainder when (-59)/(w/(-3 + 7)) is divided by l.
19
Let f(u) = 40*u + 5. Let c be f(5). Suppose 4*t = 5*z - 4, -7 = z - 3. What is the remainder when 37 is divided by 3/t + c/10?
17
Let w be (-12)/(-18) - (-1644)/(-9). Let x = -99 - w. Calculate the remainder when x is divided by 17.
15
Suppose -2*o + 3 